{"id":590,"date":"2026-02-15T20:37:12","date_gmt":"2026-02-15T19:37:12","guid":{"rendered":"https:\/\/anagenshop.pl?page_id=590"},"modified":"2026-02-20T15:21:03","modified_gmt":"2026-02-20T14:21:03","slug":"zwroty-i-reklamacje","status":"publish","type":"page","link":"https:\/\/anagenshop.pl\/index.php\/zwroty-i-reklamacje\/","title":{"rendered":"Zwroty i reklamacje"},"content":{"rendered":"\n<h3 class=\"wp-block-heading\">Zwroty<\/h3>\n\n\n\n<p>Zakupione u nas produkty mo\u017cesz zwr\u00f3ci\u0107 w ci\u0105gu 14 dni od momentu otrzymania paczki. W tym celu mo\u017cesz zalogowa\u0107 si\u0119 do swojego konta i skorzysta\u0107 z szybkich zwrot\u00f3w.<\/p>\n\n\n\n<p><strong>Wybierz produkty do zwrotu<\/strong><\/p>\n\n\n\n<p>Zwr\u00f3\u0107 wszystkie lub tylko wybrane produkty z listy zam\u00f3wie\u0144. Na zwrot masz 14 dni.<\/p>\n\n\n\n<p><strong>Podaj szczeg\u00f3\u0142y przesy\u0142ki<\/strong><\/p>\n\n\n\n<p>Sprawd\u017a dane \u201czaci\u0105gni\u0119te\u201d z zam\u00f3wienia i uzupe\u0142nij brakuj\u0105ce informacje: m.in. form\u0119 wysy\u0142ki, typ opakowania i dat\u0119 nadania.<\/p>\n\n\n\n<p><strong>Zapakuj i nadaj paczk\u0119<\/strong><\/p>\n\n\n\n<p>Spakuj zwrot w to samo lub inne opakowanie. Przeka\u017c paczk\u0119 kurierowi, zanie\u015b do paczkomatu lub punktu nadania. Produkty wr\u00f3c\u0105 do sklepu.<\/p>\n\n\n\n<p>Zwrot mo\u017cesz r\u00f3wnie\u017c odes\u0142a\u0107 na poni\u017cej podany adres.\u2028<\/p>\n\n\n\n<p><strong>Adres do zwrot\u00f3w:<\/strong><\/p>\n\n\n\n<p>Anagen Shop<\/p>\n\n\n\n<p>Sybirak\u00f3w<\/p>\n\n\n\n<p>16\/36<\/p>\n\n\n\n<p>15-204 Bia\u0142ystok<\/p>\n\n\n\n<p>789151154<\/p>\n\n\n\n<p>Pami\u0119taj, aby do paczki w\u0142o\u017cony by\u0142 paragon i o\u015bwiadczenie o odst\u0105pieniu od umowy. O\u015bwiadczenie mo\u017cesz pobra\u0107 tutaj:&nbsp;Formularz odst\u0105pienia od umowy. Je\u015bli korzystasz z innego formularza, koniecznie podaj sw\u00f3j numer konta oraz czytelnie wype\u0142nij imi\u0119 i nazwisko. Przyspieszy to zwrot pieni\u0119dzy. O\u015bwiadczenie o odst\u0105pieniu od umowy zakupu mo\u017cesz wys\u0142a\u0107 na adres e-mailem: anagenshops@gmail.com.\u2028O zachowaniu 14-dniowego terminu zwrotu decyduje data wys\u0142ania maila z wys\u0142anym o\u015bwiadczeniem lub data nadania paczki zwrotnej. Zwracany towar musi by\u0107 kompletny (wraz z metkami) i nie mo\u017ce nosi\u0107 oznak u\u017cytkowania. W przypadku, gdy zwr\u00f3cisz nam produkt, kt\u00f3ry nie spe\u0142nia tych wymaga\u0144, b\u0119dziemy zmuszeni odes\u0142a\u0107 go na Tw\u00f3j koszt.<\/p>\n\n\n\n<p>Pieni\u0105dze za zwracany towar przelewamy nie p\u00f3\u017aniej ni\u017c w ci\u0105gu 14 dni od otrzymania paczki. Forma zwrotu nale\u017cno\u015bci zale\u017cy od metody p\u0142atno\u015bci wybranej podczas sk\u0142adania zam\u00f3wienia. Je\u017celi zam\u00f3wienie by\u0142o op\u0142acone przelewem natychmiastowym, zwrotu dokonamy w ten sam spos\u00f3b. W przypadku cz\u0119\u015bciowego zwrotu zam\u00f3wienia, koszty przesy\u0142ki nie b\u0119d\u0105 zwracane.<\/p>\n\n\n\n<p>Koszty zwrotu towaru do Sklepu ponosi Klient. Je\u015bli zam\u00f3wienie by\u0142o op\u0142acone, a nie zosta\u0142o odebrane, zwracamy warto\u015b\u0107 zam\u00f3wienia pomniejszon\u0105 o koszt przesy\u0142ki zwrotnej.<\/p>\n\n\n\n<h3 class=\"wp-block-heading\"><br>Reklamacje<\/h3>\n\n\n\n<p>Je\u015bli zakupiony przez Ciebie produkt okaza\u0142 si\u0119 wadliwy, uszkodzony lub niezgodny z zam\u00f3wieniem, ch\u0119tnie pomo\u017cemy Ci rozwi\u0105za\u0107 ten problem. Poni\u017cej przedstawiamy procedur\u0119 reklamacyjn\u0105:<\/p>\n\n\n\n<ol class=\"wp-block-list\">\n<li>Skontaktuj si\u0119 z nami, u\u017cywaj\u0105c jednego z dost\u0119pnych sposob\u00f3w kontaktu (formularz kontaktowy, e-mail, infolinia).<br>Infolinia (od poniedzia\u0142ku do pi\u0105tku, w godzinach 8:00-16:00): 789151154<\/li>\n<\/ol>\n\n\n\n<p>E-mail: anagenshops@gmail.com<\/p>\n\n\n\n<ol class=\"wp-block-list\">\n<li>Opisz szczeg\u00f3\u0142owo problem, kt\u00f3ry napotka\u0142e\u015b, i do\u0142\u0105cz wszelkie istotne informacje oraz dokumenty, takie jak numer zam\u00f3wienia, paragon lub faktura.<\/li>\n\n\n\n<li>Odpowiemy na Twoje zg\u0142oszenie w mo\u017cliwie najkr\u00f3tszym czasie i udzielimy dalszych instrukcji dotycz\u0105cych reklamacji.<\/li>\n\n\n\n<li>Je\u015bli reklamacja zostanie uznana, b\u0119dziemy d\u0105\u017cy\u0107 do rozwi\u0105zania problemu w spos\u00f3b, kt\u00f3ry b\u0119dzie dla Ciebie najkorzystniejszy. Mo\u017ce to obejmowa\u0107 wymian\u0119 produktu na nowy, napraw\u0119, zwrot pieni\u0119dzy lub inn\u0105 form\u0119 rekompensaty.<\/li>\n<\/ol>\n\n\n\n<p><strong>Adres do reklamacji:<\/strong><\/p>\n\n\n\n<p><br>Anagen Shop<\/p>\n\n\n\n<p>Sybirak\u00f3w<\/p>\n\n\n\n<p>16\/36<\/p>\n\n\n\n<p>15-204 Bia\u0142ystok<\/p>\n\n\n\n<p>789151154<\/p>\n\n\n\n<p>Szczeg\u00f3\u0142owy regulamin zwrot\u00f3w i reklamacji znajduje si\u0119&nbsp;tutaj. Je\u015bli masz pytania dotycz\u0105ce zwrot\u00f3w lub reklamacji, skontaktuj si\u0119 z naszym zespo\u0142em obs\u0142ugi klienta: anagenshops@gmail.com. Jeste\u015bmy tutaj, aby Ci pom\u00f3c i zapewni\u0107 Ci najlepsze do\u015bwiadczenie zakupowe.<\/p>\n","protected":false},"excerpt":{"rendered":"<p>Zwroty Zakupione u nas produkty mo\u017cesz zwr\u00f3ci\u0107 w ci\u0105gu 14 dni od momentu otrzymania paczki. W tym celu mo\u017cesz zalogowa\u0107 si\u0119 do swojego konta i skorzysta\u0107 z szybkich zwrot\u00f3w. Wybierz produkty do zwrotu Zwr\u00f3\u0107 wszystkie lub tylko wybrane produkty z listy zam\u00f3wie\u0144. Na zwrot masz 14 dni. Podaj szczeg\u00f3\u0142y przesy\u0142ki Sprawd\u017a dane \u201czaci\u0105gni\u0119te\u201d z zam\u00f3wienia [&hellip;]<\/p>\n","protected":false},"author":1,"featured_media":0,"parent":0,"menu_order":0,"comment_status":"closed","ping_status":"closed","template":"","meta":{"_kadence_starter_templates_imported_post":false,"footnotes":""},"class_list":["post-590","page","type-page","status-publish","hentry"],"yoast_head":"<!-- This site is optimized with the Yoast SEO plugin v27.4 - https:\/\/yoast.com\/product\/yoast-seo-wordpress\/ -->\n<title>Zwroty i reklamacje - Anagen shop<\/title>\n<meta name=\"robots\" content=\"index, follow, max-snippet:-1, max-image-preview:large, max-video-preview:-1\" \/>\n<link rel=\"canonical\" href=\"https:\/\/anagenshop.pl\/index.php\/zwroty-i-reklamacje\/\" \/>\n<meta property=\"og:locale\" content=\"pl_PL\" \/>\n<meta property=\"og:type\" content=\"article\" \/>\n<meta property=\"og:title\" content=\"Zwroty i reklamacje - Anagen shop\" \/>\n<meta property=\"og:description\" content=\"Zwroty Zakupione u nas produkty mo\u017cesz zwr\u00f3ci\u0107 w ci\u0105gu 14 dni od momentu otrzymania paczki. W tym celu mo\u017cesz zalogowa\u0107 si\u0119 do swojego konta i skorzysta\u0107 z szybkich zwrot\u00f3w. Wybierz produkty do zwrotu Zwr\u00f3\u0107 wszystkie lub tylko wybrane produkty z listy zam\u00f3wie\u0144. Na zwrot masz 14 dni. Podaj szczeg\u00f3\u0142y przesy\u0142ki Sprawd\u017a dane \u201czaci\u0105gni\u0119te\u201d z zam\u00f3wienia [&hellip;]\" \/>\n<meta property=\"og:url\" content=\"https:\/\/anagenshop.pl\/index.php\/zwroty-i-reklamacje\/\" \/>\n<meta property=\"og:site_name\" content=\"Anagen shop\" \/>\n<meta property=\"article:publisher\" content=\"https:\/\/www.facebook.com\/Anagenshop\/?locale=pl_PL\" \/>\n<meta property=\"article:modified_time\" content=\"2026-02-20T14:21:03+00:00\" \/>\n<meta name=\"twitter:card\" content=\"summary_large_image\" \/>\n<meta name=\"twitter:label1\" content=\"Szacowany czas czytania\" \/>\n\t<meta name=\"twitter:data1\" content=\"3 minuty\" \/>\n<script type=\"application\/ld+json\" class=\"yoast-schema-graph\">{\"@context\":\"https:\\\/\\\/schema.org\",\"@graph\":[{\"@type\":\"WebPage\",\"@id\":\"https:\\\/\\\/anagenshop.pl\\\/index.php\\\/zwroty-i-reklamacje\\\/\",\"url\":\"https:\\\/\\\/anagenshop.pl\\\/index.php\\\/zwroty-i-reklamacje\\\/\",\"name\":\"Zwroty i reklamacje - Anagen shop\",\"isPartOf\":{\"@id\":\"https:\\\/\\\/anagenshop.pl\\\/#website\"},\"datePublished\":\"2026-02-15T19:37:12+00:00\",\"dateModified\":\"2026-02-20T14:21:03+00:00\",\"breadcrumb\":{\"@id\":\"https:\\\/\\\/anagenshop.pl\\\/index.php\\\/zwroty-i-reklamacje\\\/#breadcrumb\"},\"inLanguage\":\"pl-PL\",\"potentialAction\":[{\"@type\":\"ReadAction\",\"target\":[\"https:\\\/\\\/anagenshop.pl\\\/index.php\\\/zwroty-i-reklamacje\\\/\"]}]},{\"@type\":\"BreadcrumbList\",\"@id\":\"https:\\\/\\\/anagenshop.pl\\\/index.php\\\/zwroty-i-reklamacje\\\/#breadcrumb\",\"itemListElement\":[{\"@type\":\"ListItem\",\"position\":1,\"name\":\"Strona g\u0142\u00f3wna\",\"item\":\"https:\\\/\\\/anagenshop.pl\\\/\"},{\"@type\":\"ListItem\",\"position\":2,\"name\":\"Zwroty i reklamacje\"}]},{\"@type\":\"WebSite\",\"@id\":\"https:\\\/\\\/anagenshop.pl\\\/#website\",\"url\":\"https:\\\/\\\/anagenshop.pl\\\/\",\"name\":\"Anagen shop\",\"description\":\"Produkty do stylizacji rz\u0119s i brwi, akcesoria i wyposa\u017cenie\",\"publisher\":{\"@id\":\"https:\\\/\\\/anagenshop.pl\\\/#organization\"},\"potentialAction\":[{\"@type\":\"SearchAction\",\"target\":{\"@type\":\"EntryPoint\",\"urlTemplate\":\"https:\\\/\\\/anagenshop.pl\\\/?s={search_term_string}\"},\"query-input\":{\"@type\":\"PropertyValueSpecification\",\"valueRequired\":true,\"valueName\":\"search_term_string\"}}],\"inLanguage\":\"pl-PL\"},{\"@type\":\"Organization\",\"@id\":\"https:\\\/\\\/anagenshop.pl\\\/#organization\",\"name\":\"Anagen shop\",\"url\":\"https:\\\/\\\/anagenshop.pl\\\/\",\"logo\":{\"@type\":\"ImageObject\",\"inLanguage\":\"pl-PL\",\"@id\":\"https:\\\/\\\/anagenshop.pl\\\/#\\\/schema\\\/logo\\\/image\\\/\",\"url\":\"https:\\\/\\\/anagenshop.pl\\\/wp-content\\\/uploads\\\/2026\\\/02\\\/cropped-Znak-wodny-sklep-1.png\",\"contentUrl\":\"https:\\\/\\\/anagenshop.pl\\\/wp-content\\\/uploads\\\/2026\\\/02\\\/cropped-Znak-wodny-sklep-1.png\",\"width\":1847,\"height\":517,\"caption\":\"Anagen shop\"},\"image\":{\"@id\":\"https:\\\/\\\/anagenshop.pl\\\/#\\\/schema\\\/logo\\\/image\\\/\"},\"sameAs\":[\"https:\\\/\\\/www.facebook.com\\\/Anagenshop\\\/?locale=pl_PL\",\"https:\\\/\\\/www.instagram.com\\\/anagenshop\\\/\"]}]}<\/script>\n<!-- \/ Yoast SEO plugin. -->","yoast_head_json":{"title":"Zwroty i reklamacje - Anagen shop","robots":{"index":"index","follow":"follow","max-snippet":"max-snippet:-1","max-image-preview":"max-image-preview:large","max-video-preview":"max-video-preview:-1"},"canonical":"https:\/\/anagenshop.pl\/index.php\/zwroty-i-reklamacje\/","og_locale":"pl_PL","og_type":"article","og_title":"Zwroty i reklamacje - Anagen shop","og_description":"Zwroty Zakupione u nas produkty mo\u017cesz zwr\u00f3ci\u0107 w ci\u0105gu 14 dni od momentu otrzymania paczki. W tym celu mo\u017cesz zalogowa\u0107 si\u0119 do swojego konta i skorzysta\u0107 z szybkich zwrot\u00f3w. Wybierz produkty do zwrotu Zwr\u00f3\u0107 wszystkie lub tylko wybrane produkty z listy zam\u00f3wie\u0144. Na zwrot masz 14 dni. Podaj szczeg\u00f3\u0142y przesy\u0142ki Sprawd\u017a dane \u201czaci\u0105gni\u0119te\u201d z zam\u00f3wienia [&hellip;]","og_url":"https:\/\/anagenshop.pl\/index.php\/zwroty-i-reklamacje\/","og_site_name":"Anagen shop","article_publisher":"https:\/\/www.facebook.com\/Anagenshop\/?locale=pl_PL","article_modified_time":"2026-02-20T14:21:03+00:00","twitter_card":"summary_large_image","twitter_misc":{"Szacowany czas czytania":"3 minuty"},"schema":{"@context":"https:\/\/schema.org","@graph":[{"@type":"WebPage","@id":"https:\/\/anagenshop.pl\/index.php\/zwroty-i-reklamacje\/","url":"https:\/\/anagenshop.pl\/index.php\/zwroty-i-reklamacje\/","name":"Zwroty i reklamacje - Anagen shop","isPartOf":{"@id":"https:\/\/anagenshop.pl\/#website"},"datePublished":"2026-02-15T19:37:12+00:00","dateModified":"2026-02-20T14:21:03+00:00","breadcrumb":{"@id":"https:\/\/anagenshop.pl\/index.php\/zwroty-i-reklamacje\/#breadcrumb"},"inLanguage":"pl-PL","potentialAction":[{"@type":"ReadAction","target":["https:\/\/anagenshop.pl\/index.php\/zwroty-i-reklamacje\/"]}]},{"@type":"BreadcrumbList","@id":"https:\/\/anagenshop.pl\/index.php\/zwroty-i-reklamacje\/#breadcrumb","itemListElement":[{"@type":"ListItem","position":1,"name":"Strona g\u0142\u00f3wna","item":"https:\/\/anagenshop.pl\/"},{"@type":"ListItem","position":2,"name":"Zwroty i reklamacje"}]},{"@type":"WebSite","@id":"https:\/\/anagenshop.pl\/#website","url":"https:\/\/anagenshop.pl\/","name":"Anagen shop","description":"Produkty do stylizacji rz\u0119s i brwi, akcesoria i wyposa\u017cenie","publisher":{"@id":"https:\/\/anagenshop.pl\/#organization"},"potentialAction":[{"@type":"SearchAction","target":{"@type":"EntryPoint","urlTemplate":"https:\/\/anagenshop.pl\/?s={search_term_string}"},"query-input":{"@type":"PropertyValueSpecification","valueRequired":true,"valueName":"search_term_string"}}],"inLanguage":"pl-PL"},{"@type":"Organization","@id":"https:\/\/anagenshop.pl\/#organization","name":"Anagen shop","url":"https:\/\/anagenshop.pl\/","logo":{"@type":"ImageObject","inLanguage":"pl-PL","@id":"https:\/\/anagenshop.pl\/#\/schema\/logo\/image\/","url":"https:\/\/anagenshop.pl\/wp-content\/uploads\/2026\/02\/cropped-Znak-wodny-sklep-1.png","contentUrl":"https:\/\/anagenshop.pl\/wp-content\/uploads\/2026\/02\/cropped-Znak-wodny-sklep-1.png","width":1847,"height":517,"caption":"Anagen shop"},"image":{"@id":"https:\/\/anagenshop.pl\/#\/schema\/logo\/image\/"},"sameAs":["https:\/\/www.facebook.com\/Anagenshop\/?locale=pl_PL","https:\/\/www.instagram.com\/anagenshop\/"]}]}},"jetpack_sharing_enabled":true,"_links":{"self":[{"href":"https:\/\/anagenshop.pl\/index.php\/wp-json\/wp\/v2\/pages\/590","targetHints":{"allow":["GET"]}}],"collection":[{"href":"https:\/\/anagenshop.pl\/index.php\/wp-json\/wp\/v2\/pages"}],"about":[{"href":"https:\/\/anagenshop.pl\/index.php\/wp-json\/wp\/v2\/types\/page"}],"author":[{"embeddable":true,"href":"https:\/\/anagenshop.pl\/index.php\/wp-json\/wp\/v2\/users\/1"}],"replies":[{"embeddable":true,"href":"https:\/\/anagenshop.pl\/index.php\/wp-json\/wp\/v2\/comments?post=590"}],"version-history":[{"count":2,"href":"https:\/\/anagenshop.pl\/index.php\/wp-json\/wp\/v2\/pages\/590\/revisions"}],"predecessor-version":[{"id":927,"href":"https:\/\/anagenshop.pl\/index.php\/wp-json\/wp\/v2\/pages\/590\/revisions\/927"}],"wp:attachment":[{"href":"https:\/\/anagenshop.pl\/index.php\/wp-json\/wp\/v2\/media?parent=590"}],"curies":[{"name":"wp","href":"https:\/\/api.w.org\/{rel}","templated":true}]}}