{"id":1077,"date":"2026-02-24T15:49:01","date_gmt":"2026-02-24T14:49:01","guid":{"rendered":"https:\/\/anagenshop.pl?post_type=product&#038;p=1077"},"modified":"2026-02-26T18:42:21","modified_gmt":"2026-02-26T17:42:21","slug":"puder-zageszczajaco-klejacy","status":"publish","type":"product","link":"https:\/\/anagenshop.pl\/index.php\/produkt\/puder-zageszczajaco-klejacy\/","title":{"rendered":"Puder Zag\u0119szczaj\u0105co &#8211; Klej\u0105cy"},"content":{"rendered":"<div class=\"border-t border-gray-300 first:border-t-0 last:border-b\">\n<div class=\"pb-6 text-lg\">\n<div class=\"grid grid-cols-12 md:gap-8 lg:gap-20\">\n<div class=\"col-span-12 mb-8 lg:col-span-7\">\n<div class=\"prose prose-single-product prose-p:text-lg\">\n<h2><a href=\"https:\/\/www.pimpmylashes.pl\/rzesy\/lifting-rzes\/preparaty-do-liftingu\/\">Next Gen Lamination Powder \u2013 Profesjonalny puder do laminacji rz\u0119s i brwi Pimp My Lashes<\/a><\/h2>\n<p><strong>Next Gen Lamination Powder<\/strong>\u00a0to innowacyjny, profesjonalny puder zag\u0119szczaj\u0105cy, stworzony do pracy z preparatami do laminacji rz\u0119s i brwi. Produkt zosta\u0142 opracowany z my\u015bl\u0105 o stylistkach, kt\u00f3re chc\u0105 uzyska\u0107 jeszcze wi\u0119ksz\u0105 kontrol\u0119 nad konsystencj\u0105 produkt\u00f3w oraz precyzj\u0105 aplikacji podczas zabiegu.<\/p>\n<p>Dzi\u0119ki swojej formule puder zwi\u0119ksza stabilno\u015b\u0107 i lepko\u015b\u0107 mieszanki, co u\u0142atwia dok\u0142adne u\u0142o\u017cenie w\u0142osk\u00f3w i ich przyczepno\u015b\u0107 do wa\u0142eczk\u00f3w lub podk\u0142adek silikonowych. Jest idealnym wsparciem przy trudnych, sztywnych lub opornych w\u0142oskach.<\/p>\n<h3>Korzy\u015bci stosowania Next Gen Lamination Powder:<\/h3>\n<ul>\n<li>U\u0142atwia modelowanie i precyzyjne uk\u0142adanie rz\u0119s oraz brwi<\/li>\n<li>Poprawia przyczepno\u015b\u0107 w\u0142osa do podk\u0142adki silikonowej \/ wa\u0142eczka<\/li>\n<li>Zast\u0119puje klej<\/li>\n<li>Zapewnia lepsz\u0105 kontrol\u0119 nad produktem podczas aplikacji<\/li>\n<li>Pomaga uzyska\u0107 r\u00f3wnomierny i estetyczny efekt laminacji<\/li>\n<li>Stworzony z my\u015bl\u0105 o profesjonalnych stylistkach<\/li>\n<\/ul>\n<p><strong>Spos\u00f3b u\u017cycia:<\/strong><\/p>\n<ul>\n<li>Wymieszaj niewielk\u0105 ilo\u015b\u0107 pudru z preparatem do laminacji (Step 1 lub Step 2), aby uzyska\u0107 po\u017c\u0105dan\u0105, g\u0119stsz\u0105 konsystencj\u0119.<\/li>\n<li>Zachowaj proporcje minimum 1:5, ale nie wi\u0119ksze ni\u017c 1:2.<\/li>\n<li>Odczekaj 60 sekund, aby mieszanka by\u0142a \u201egotowa\u201d, a nast\u0119pnie wykonaj zabieg.<\/li>\n<li>Produkt nie wp\u0142ywa na czas dzia\u0142ania preparat\u00f3w.<\/li>\n<li>Stosowa\u0107 wy\u0142\u0105cznie w profesjonalnych zabiegach stylizacji rz\u0119s i brwi.<\/li>\n<\/ul>\n<p><strong>Zawarto\u015b\u0107 opakowania: 5 g<\/strong><\/p>\n<p>Next Gen Lamination Powder to idealne wsparcie w codziennej pracy stylistki \u2014 wi\u0119ksza kontrola, wi\u0119ksza precyzja i perfekcyjny efekt ko\u0144cowy.<\/p>\n<\/div>\n<\/div>\n<div class=\"col-span-12 lg:col-span-5\">\n<section class=\"mb-8\"><span class=\"sku_wrapper block\"><span class=\"font-bold\">SKU:<\/span>\u00a0<span class=\"sku\">590085857110<\/span><\/span><\/section>\n<section class=\"prose col-span-12 mb-8 last:mb-0\">\n<p class=\"font-bold not-prose\">O marce:<\/p>\n<div class=\"prose prose-description prose-p:text-sm mb-4 mt-4\">\n<p>&nbsp;<\/p>\n<p>&nbsp;<\/p>\n<\/div>\n<\/section>\n<\/div>\n<\/div>\n<\/div>\n<\/div>\n<div class=\"lg:grid lg:grid-cols-12\">\n<div class=\"block prose-p:text-lg prose lg:col-span-7\">\n<p><span class=\"pr-4 font-bold font-headings lg:pr-0\">Sk\u0142ad<\/span><\/p>\n<div class=\"pb-6 prose-p:text-lg prose\">\n<p><span class=\"a_GcMg font-feature-liga-off font-feature-clig-off font-feature-calt-off text-decoration-none text-strikethrough-none\">Hydroxyethyl Acrylate\/Sodium Acryloyldimethyl TaurateCopolymer, Sorbitan Isostearate.<\/span><\/p>\n<\/div>\n<\/div>\n<\/div>\n","protected":false},"excerpt":{"rendered":"<p><strong>Next Gen Lamination Powder<\/strong>\u00a0to innowacyjny, profesjonalny puder zag\u0119szczaj\u0105cy, stworzony do pracy z preparatami do laminacji rz\u0119s i brwi. Produkt zosta\u0142 opracowany z my\u015bl\u0105 o stylistkach, kt\u00f3re chc\u0105 uzyska\u0107 jeszcze wi\u0119ksz\u0105 kontrol\u0119 nad konsystencj\u0105 produkt\u00f3w oraz precyzj\u0105 aplikacji podczas zabiegu.<\/p>\n","protected":false},"featured_media":1078,"template":"","meta":{"_kadence_starter_templates_imported_post":false},"product_brand":[],"product_cat":[32],"product_tag":[],"class_list":{"0":"post-1077","1":"product","2":"type-product","3":"status-publish","4":"has-post-thumbnail","6":"product_cat-laminacja","7":"product_shipping_class-male","9":"first","10":"instock","11":"taxable","12":"shipping-taxable","13":"purchasable","14":"product-type-simple"},"yoast_head":"<!-- This site is optimized with the Yoast SEO plugin v27.4 - https:\/\/yoast.com\/product\/yoast-seo-wordpress\/ -->\n<title>Puder Zag\u0119szczaj\u0105co - Klej\u0105cy - Anagen shop<\/title>\n<meta name=\"robots\" content=\"index, follow, max-snippet:-1, max-image-preview:large, max-video-preview:-1\" \/>\n<link rel=\"canonical\" href=\"https:\/\/anagenshop.pl\/index.php\/produkt\/puder-zageszczajaco-klejacy\/\" \/>\n<meta property=\"og:locale\" content=\"pl_PL\" \/>\n<meta property=\"og:type\" content=\"article\" \/>\n<meta property=\"og:title\" content=\"Puder Zag\u0119szczaj\u0105co - Klej\u0105cy - Anagen shop\" \/>\n<meta property=\"og:description\" content=\"Next Gen Lamination Powder\u00a0to innowacyjny, profesjonalny puder zag\u0119szczaj\u0105cy, stworzony do pracy z preparatami do laminacji rz\u0119s i brwi. Produkt zosta\u0142 opracowany z my\u015bl\u0105 o stylistkach, kt\u00f3re chc\u0105 uzyska\u0107 jeszcze wi\u0119ksz\u0105 kontrol\u0119 nad konsystencj\u0105 produkt\u00f3w oraz precyzj\u0105 aplikacji podczas zabiegu.\" \/>\n<meta property=\"og:url\" content=\"https:\/\/anagenshop.pl\/index.php\/produkt\/puder-zageszczajaco-klejacy\/\" \/>\n<meta property=\"og:site_name\" content=\"Anagen shop\" \/>\n<meta property=\"article:publisher\" content=\"https:\/\/www.facebook.com\/Anagenshop\/?locale=pl_PL\" \/>\n<meta property=\"article:modified_time\" content=\"2026-02-26T17:42:21+00:00\" \/>\n<meta property=\"og:image\" content=\"https:\/\/anagenshop.pl\/wp-content\/uploads\/2026\/02\/powd2.webp\" \/>\n\t<meta property=\"og:image:width\" content=\"1080\" \/>\n\t<meta property=\"og:image:height\" content=\"1080\" \/>\n\t<meta property=\"og:image:type\" content=\"image\/webp\" \/>\n<meta name=\"twitter:card\" content=\"summary_large_image\" \/>\n<meta name=\"twitter:label1\" content=\"Szacowany czas czytania\" \/>\n\t<meta name=\"twitter:data1\" content=\"2 minuty\" \/>\n<script type=\"application\/ld+json\" class=\"yoast-schema-graph\">{\"@context\":\"https:\\\/\\\/schema.org\",\"@graph\":[{\"@type\":\"WebPage\",\"@id\":\"https:\\\/\\\/anagenshop.pl\\\/index.php\\\/produkt\\\/puder-zageszczajaco-klejacy\\\/\",\"url\":\"https:\\\/\\\/anagenshop.pl\\\/index.php\\\/produkt\\\/puder-zageszczajaco-klejacy\\\/\",\"name\":\"Puder Zag\u0119szczaj\u0105co - Klej\u0105cy - Anagen shop\",\"isPartOf\":{\"@id\":\"https:\\\/\\\/anagenshop.pl\\\/#website\"},\"primaryImageOfPage\":{\"@id\":\"https:\\\/\\\/anagenshop.pl\\\/index.php\\\/produkt\\\/puder-zageszczajaco-klejacy\\\/#primaryimage\"},\"image\":{\"@id\":\"https:\\\/\\\/anagenshop.pl\\\/index.php\\\/produkt\\\/puder-zageszczajaco-klejacy\\\/#primaryimage\"},\"thumbnailUrl\":\"https:\\\/\\\/anagenshop.pl\\\/wp-content\\\/uploads\\\/2026\\\/02\\\/powd2.webp\",\"datePublished\":\"2026-02-24T14:49:01+00:00\",\"dateModified\":\"2026-02-26T17:42:21+00:00\",\"breadcrumb\":{\"@id\":\"https:\\\/\\\/anagenshop.pl\\\/index.php\\\/produkt\\\/puder-zageszczajaco-klejacy\\\/#breadcrumb\"},\"inLanguage\":\"pl-PL\",\"potentialAction\":[{\"@type\":\"ReadAction\",\"target\":[\"https:\\\/\\\/anagenshop.pl\\\/index.php\\\/produkt\\\/puder-zageszczajaco-klejacy\\\/\"]}]},{\"@type\":\"ImageObject\",\"inLanguage\":\"pl-PL\",\"@id\":\"https:\\\/\\\/anagenshop.pl\\\/index.php\\\/produkt\\\/puder-zageszczajaco-klejacy\\\/#primaryimage\",\"url\":\"https:\\\/\\\/anagenshop.pl\\\/wp-content\\\/uploads\\\/2026\\\/02\\\/powd2.webp\",\"contentUrl\":\"https:\\\/\\\/anagenshop.pl\\\/wp-content\\\/uploads\\\/2026\\\/02\\\/powd2.webp\",\"width\":1080,\"height\":1080},{\"@type\":\"BreadcrumbList\",\"@id\":\"https:\\\/\\\/anagenshop.pl\\\/index.php\\\/produkt\\\/puder-zageszczajaco-klejacy\\\/#breadcrumb\",\"itemListElement\":[{\"@type\":\"ListItem\",\"position\":1,\"name\":\"Strona g\u0142\u00f3wna\",\"item\":\"https:\\\/\\\/anagenshop.pl\\\/\"},{\"@type\":\"ListItem\",\"position\":2,\"name\":\"Sklep\",\"item\":\"https:\\\/\\\/anagenshop.pl\\\/\"},{\"@type\":\"ListItem\",\"position\":3,\"name\":\"Puder Zag\u0119szczaj\u0105co &#8211; Klej\u0105cy\"}]},{\"@type\":\"WebSite\",\"@id\":\"https:\\\/\\\/anagenshop.pl\\\/#website\",\"url\":\"https:\\\/\\\/anagenshop.pl\\\/\",\"name\":\"Anagen shop\",\"description\":\"Produkty do stylizacji rz\u0119s i brwi, akcesoria i wyposa\u017cenie\",\"publisher\":{\"@id\":\"https:\\\/\\\/anagenshop.pl\\\/#organization\"},\"potentialAction\":[{\"@type\":\"SearchAction\",\"target\":{\"@type\":\"EntryPoint\",\"urlTemplate\":\"https:\\\/\\\/anagenshop.pl\\\/?s={search_term_string}\"},\"query-input\":{\"@type\":\"PropertyValueSpecification\",\"valueRequired\":true,\"valueName\":\"search_term_string\"}}],\"inLanguage\":\"pl-PL\"},{\"@type\":\"Organization\",\"@id\":\"https:\\\/\\\/anagenshop.pl\\\/#organization\",\"name\":\"Anagen shop\",\"url\":\"https:\\\/\\\/anagenshop.pl\\\/\",\"logo\":{\"@type\":\"ImageObject\",\"inLanguage\":\"pl-PL\",\"@id\":\"https:\\\/\\\/anagenshop.pl\\\/#\\\/schema\\\/logo\\\/image\\\/\",\"url\":\"https:\\\/\\\/anagenshop.pl\\\/wp-content\\\/uploads\\\/2026\\\/02\\\/cropped-Znak-wodny-sklep-1.png\",\"contentUrl\":\"https:\\\/\\\/anagenshop.pl\\\/wp-content\\\/uploads\\\/2026\\\/02\\\/cropped-Znak-wodny-sklep-1.png\",\"width\":1847,\"height\":517,\"caption\":\"Anagen shop\"},\"image\":{\"@id\":\"https:\\\/\\\/anagenshop.pl\\\/#\\\/schema\\\/logo\\\/image\\\/\"},\"sameAs\":[\"https:\\\/\\\/www.facebook.com\\\/Anagenshop\\\/?locale=pl_PL\",\"https:\\\/\\\/www.instagram.com\\\/anagenshop\\\/\"]}]}<\/script>\n<!-- \/ Yoast SEO plugin. -->","yoast_head_json":{"title":"Puder Zag\u0119szczaj\u0105co - Klej\u0105cy - Anagen shop","robots":{"index":"index","follow":"follow","max-snippet":"max-snippet:-1","max-image-preview":"max-image-preview:large","max-video-preview":"max-video-preview:-1"},"canonical":"https:\/\/anagenshop.pl\/index.php\/produkt\/puder-zageszczajaco-klejacy\/","og_locale":"pl_PL","og_type":"article","og_title":"Puder Zag\u0119szczaj\u0105co - Klej\u0105cy - Anagen shop","og_description":"Next Gen Lamination Powder\u00a0to innowacyjny, profesjonalny puder zag\u0119szczaj\u0105cy, stworzony do pracy z preparatami do laminacji rz\u0119s i brwi. Produkt zosta\u0142 opracowany z my\u015bl\u0105 o stylistkach, kt\u00f3re chc\u0105 uzyska\u0107 jeszcze wi\u0119ksz\u0105 kontrol\u0119 nad konsystencj\u0105 produkt\u00f3w oraz precyzj\u0105 aplikacji podczas zabiegu.","og_url":"https:\/\/anagenshop.pl\/index.php\/produkt\/puder-zageszczajaco-klejacy\/","og_site_name":"Anagen shop","article_publisher":"https:\/\/www.facebook.com\/Anagenshop\/?locale=pl_PL","article_modified_time":"2026-02-26T17:42:21+00:00","og_image":[{"width":1080,"height":1080,"url":"https:\/\/anagenshop.pl\/wp-content\/uploads\/2026\/02\/powd2.webp","type":"image\/webp"}],"twitter_card":"summary_large_image","twitter_misc":{"Szacowany czas czytania":"2 minuty"},"schema":{"@context":"https:\/\/schema.org","@graph":[{"@type":"WebPage","@id":"https:\/\/anagenshop.pl\/index.php\/produkt\/puder-zageszczajaco-klejacy\/","url":"https:\/\/anagenshop.pl\/index.php\/produkt\/puder-zageszczajaco-klejacy\/","name":"Puder Zag\u0119szczaj\u0105co - Klej\u0105cy - Anagen shop","isPartOf":{"@id":"https:\/\/anagenshop.pl\/#website"},"primaryImageOfPage":{"@id":"https:\/\/anagenshop.pl\/index.php\/produkt\/puder-zageszczajaco-klejacy\/#primaryimage"},"image":{"@id":"https:\/\/anagenshop.pl\/index.php\/produkt\/puder-zageszczajaco-klejacy\/#primaryimage"},"thumbnailUrl":"https:\/\/anagenshop.pl\/wp-content\/uploads\/2026\/02\/powd2.webp","datePublished":"2026-02-24T14:49:01+00:00","dateModified":"2026-02-26T17:42:21+00:00","breadcrumb":{"@id":"https:\/\/anagenshop.pl\/index.php\/produkt\/puder-zageszczajaco-klejacy\/#breadcrumb"},"inLanguage":"pl-PL","potentialAction":[{"@type":"ReadAction","target":["https:\/\/anagenshop.pl\/index.php\/produkt\/puder-zageszczajaco-klejacy\/"]}]},{"@type":"ImageObject","inLanguage":"pl-PL","@id":"https:\/\/anagenshop.pl\/index.php\/produkt\/puder-zageszczajaco-klejacy\/#primaryimage","url":"https:\/\/anagenshop.pl\/wp-content\/uploads\/2026\/02\/powd2.webp","contentUrl":"https:\/\/anagenshop.pl\/wp-content\/uploads\/2026\/02\/powd2.webp","width":1080,"height":1080},{"@type":"BreadcrumbList","@id":"https:\/\/anagenshop.pl\/index.php\/produkt\/puder-zageszczajaco-klejacy\/#breadcrumb","itemListElement":[{"@type":"ListItem","position":1,"name":"Strona g\u0142\u00f3wna","item":"https:\/\/anagenshop.pl\/"},{"@type":"ListItem","position":2,"name":"Sklep","item":"https:\/\/anagenshop.pl\/"},{"@type":"ListItem","position":3,"name":"Puder Zag\u0119szczaj\u0105co &#8211; Klej\u0105cy"}]},{"@type":"WebSite","@id":"https:\/\/anagenshop.pl\/#website","url":"https:\/\/anagenshop.pl\/","name":"Anagen shop","description":"Produkty do stylizacji rz\u0119s i brwi, akcesoria i wyposa\u017cenie","publisher":{"@id":"https:\/\/anagenshop.pl\/#organization"},"potentialAction":[{"@type":"SearchAction","target":{"@type":"EntryPoint","urlTemplate":"https:\/\/anagenshop.pl\/?s={search_term_string}"},"query-input":{"@type":"PropertyValueSpecification","valueRequired":true,"valueName":"search_term_string"}}],"inLanguage":"pl-PL"},{"@type":"Organization","@id":"https:\/\/anagenshop.pl\/#organization","name":"Anagen shop","url":"https:\/\/anagenshop.pl\/","logo":{"@type":"ImageObject","inLanguage":"pl-PL","@id":"https:\/\/anagenshop.pl\/#\/schema\/logo\/image\/","url":"https:\/\/anagenshop.pl\/wp-content\/uploads\/2026\/02\/cropped-Znak-wodny-sklep-1.png","contentUrl":"https:\/\/anagenshop.pl\/wp-content\/uploads\/2026\/02\/cropped-Znak-wodny-sklep-1.png","width":1847,"height":517,"caption":"Anagen shop"},"image":{"@id":"https:\/\/anagenshop.pl\/#\/schema\/logo\/image\/"},"sameAs":["https:\/\/www.facebook.com\/Anagenshop\/?locale=pl_PL","https:\/\/www.instagram.com\/anagenshop\/"]}]}},"jetpack_sharing_enabled":true,"_links":{"self":[{"href":"https:\/\/anagenshop.pl\/index.php\/wp-json\/wp\/v2\/product\/1077","targetHints":{"allow":["GET"]}}],"collection":[{"href":"https:\/\/anagenshop.pl\/index.php\/wp-json\/wp\/v2\/product"}],"about":[{"href":"https:\/\/anagenshop.pl\/index.php\/wp-json\/wp\/v2\/types\/product"}],"version-history":[{"count":2,"href":"https:\/\/anagenshop.pl\/index.php\/wp-json\/wp\/v2\/product\/1077\/revisions"}],"predecessor-version":[{"id":1108,"href":"https:\/\/anagenshop.pl\/index.php\/wp-json\/wp\/v2\/product\/1077\/revisions\/1108"}],"wp:featuredmedia":[{"embeddable":true,"href":"https:\/\/anagenshop.pl\/index.php\/wp-json\/wp\/v2\/media\/1078"}],"wp:attachment":[{"href":"https:\/\/anagenshop.pl\/index.php\/wp-json\/wp\/v2\/media?parent=1077"}],"wp:term":[{"taxonomy":"product_brand","embeddable":true,"href":"https:\/\/anagenshop.pl\/index.php\/wp-json\/wp\/v2\/product_brand?post=1077"},{"taxonomy":"product_cat","embeddable":true,"href":"https:\/\/anagenshop.pl\/index.php\/wp-json\/wp\/v2\/product_cat?post=1077"},{"taxonomy":"product_tag","embeddable":true,"href":"https:\/\/anagenshop.pl\/index.php\/wp-json\/wp\/v2\/product_tag?post=1077"}],"curies":[{"name":"wp","href":"https:\/\/api.w.org\/{rel}","templated":true}]}}