{"id":727,"date":"2026-02-17T10:13:47","date_gmt":"2026-02-17T09:13:47","guid":{"rendered":"https:\/\/anagenshop.pl?post_type=product&#038;p=727"},"modified":"2026-03-27T10:44:26","modified_gmt":"2026-03-27T09:44:26","slug":"klej-do-rzes-jupiter-5ml","status":"publish","type":"product","link":"https:\/\/anagenshop.pl\/index.php\/produkt\/klej-do-rzes-jupiter-5ml\/","title":{"rendered":"Klej do rz\u0119s Jupiter 5ML"},"content":{"rendered":"<p>Klej\u00a0<strong>br\u0105zowy<\/strong>\u00a0do przed\u0142u\u017cania rz\u0119s Strong Jupier nale\u017cy do klej\u00f3w\u00a0<strong>\u015brednich<\/strong>\u00a0o rzadkiej konsystencji<\/p>\n<p>Najlepiej sprawdza si\u0119 w wysokiej wilgotno\u015bci i przy wysokiej temperaturze. R\u00f3wnie\u017c jest idealnym dla\u00a0 stylistek z \u015brednim tempem pracy. \u015awiecie radzi sobie w okresie letnim. Pasuje jak do metod obj\u0119to\u015bciowych, tak i klasycznych. Jest on bardzo trwa\u0142y, ale zar\u00f3wno elastyczny. Jego pojemno\u015b\u0107 5ml sprawia, \u017ce starczy go a\u017c do ko\u0144ca jego terminu wa\u017cno\u015bci.<\/p>\n<p>Pigment br\u0105zowy sprawia i\u017c na rz\u0119sach b\u0119dzie iluzja mniejszej ilo\u015bci kleju \u2013 czystsza praca. Po polimeryzacji staje si\u0119 ciemnobr\u0105zowym. Opr\u00f3cz czarnych rz\u0119s, \u015bwietnie wypada z kolorowymi i br\u0105zowymi rz\u0119sami. Idealnie pasuje do przed\u0142u\u017cania brwi<\/p>\n","protected":false},"excerpt":{"rendered":"<p>Klej\u00a0<strong>br\u0105zowy<\/strong>\u00a0do przed\u0142u\u017cania rz\u0119s Strong Jupier nale\u017cy do klej\u00f3w\u00a0<strong>\u015brednich<\/strong>\u00a0o rzadkiej konsystencji<\/p>\n<p>Najlepiej sprawdza si\u0119 w wysokiej wilgotno\u015bci i przy wysokiej temperaturze. R\u00f3wnie\u017c jest idealnym dla\u00a0 stylistek z \u015brednim tempem pracy. \u015awiecie radzi sobie w okresie letnim. Pasuje jak do metod obj\u0119to\u015bciowych, tak i klasycznych. Jest on bardzo trwa\u0142y, ale zar\u00f3wno elastyczny. Jego pojemno\u015b\u0107 5ml sprawia, \u017ce starczy go a\u017c do ko\u0144ca jego terminu wa\u017cno\u015bci.<\/p>\n<p>Pigment br\u0105zowy sprawia i\u017c na rz\u0119sach b\u0119dzie iluzja mniejszej ilo\u015bci kleju \u2013 czystsza praca. Po polimeryzacji staje si\u0119 ciemnobr\u0105zowym. Opr\u00f3cz czarnych rz\u0119s, \u015bwietnie wypada z kolorowymi i br\u0105zowymi rz\u0119sami. Idealnie pasuje do przed\u0142u\u017cania brwi<\/p>\n","protected":false},"featured_media":728,"template":"","meta":{"_kadence_starter_templates_imported_post":false},"product_brand":[],"product_cat":[29],"product_tag":[],"class_list":{"0":"post-727","1":"product","2":"type-product","3":"status-publish","4":"has-post-thumbnail","6":"product_cat-kleje-i-preparaty","8":"first","9":"instock","10":"taxable","11":"shipping-taxable","12":"purchasable","13":"product-type-simple"},"yoast_head":"<!-- This site is optimized with the Yoast SEO plugin v27.4 - https:\/\/yoast.com\/product\/yoast-seo-wordpress\/ -->\n<title>Klej do rz\u0119s Jupiter 5ML - Anagen shop<\/title>\n<meta name=\"robots\" content=\"index, follow, max-snippet:-1, max-image-preview:large, max-video-preview:-1\" \/>\n<link rel=\"canonical\" href=\"https:\/\/anagenshop.pl\/index.php\/produkt\/klej-do-rzes-jupiter-5ml\/\" \/>\n<meta property=\"og:locale\" content=\"pl_PL\" \/>\n<meta property=\"og:type\" content=\"article\" \/>\n<meta property=\"og:title\" content=\"Klej do rz\u0119s Jupiter 5ML - Anagen shop\" \/>\n<meta property=\"og:description\" content=\"Klej\u00a0br\u0105zowy\u00a0do przed\u0142u\u017cania rz\u0119s Strong Jupier nale\u017cy do klej\u00f3w\u00a0\u015brednich\u00a0o rzadkiej konsystencji  Najlepiej sprawdza si\u0119 w wysokiej wilgotno\u015bci i przy wysokiej temperaturze. R\u00f3wnie\u017c jest idealnym dla\u00a0 stylistek z \u015brednim tempem pracy. \u015awiecie radzi sobie w okresie letnim. Pasuje jak do metod obj\u0119to\u015bciowych, tak i klasycznych. Jest on bardzo trwa\u0142y, ale zar\u00f3wno elastyczny. Jego pojemno\u015b\u0107 5ml sprawia, \u017ce starczy go a\u017c do ko\u0144ca jego terminu wa\u017cno\u015bci.  Pigment br\u0105zowy sprawia i\u017c na rz\u0119sach b\u0119dzie iluzja mniejszej ilo\u015bci kleju \u2013 czystsza praca. Po polimeryzacji staje si\u0119 ciemnobr\u0105zowym. Opr\u00f3cz czarnych rz\u0119s, \u015bwietnie wypada z kolorowymi i br\u0105zowymi rz\u0119sami. Idealnie pasuje do przed\u0142u\u017cania brwi\" \/>\n<meta property=\"og:url\" content=\"https:\/\/anagenshop.pl\/index.php\/produkt\/klej-do-rzes-jupiter-5ml\/\" \/>\n<meta property=\"og:site_name\" content=\"Anagen shop\" \/>\n<meta property=\"article:publisher\" content=\"https:\/\/www.facebook.com\/Anagenshop\/?locale=pl_PL\" \/>\n<meta property=\"article:modified_time\" content=\"2026-03-27T09:44:26+00:00\" \/>\n<meta property=\"og:image\" content=\"https:\/\/anagenshop.pl\/wp-content\/uploads\/2026\/02\/jupiter.webp\" \/>\n\t<meta property=\"og:image:width\" content=\"1000\" \/>\n\t<meta property=\"og:image:height\" content=\"1000\" \/>\n\t<meta property=\"og:image:type\" content=\"image\/webp\" \/>\n<meta name=\"twitter:card\" content=\"summary_large_image\" \/>\n<meta name=\"twitter:label1\" content=\"Szacowany czas czytania\" \/>\n\t<meta name=\"twitter:data1\" content=\"1 minuta\" \/>\n<script type=\"application\/ld+json\" class=\"yoast-schema-graph\">{\"@context\":\"https:\\\/\\\/schema.org\",\"@graph\":[{\"@type\":\"WebPage\",\"@id\":\"https:\\\/\\\/anagenshop.pl\\\/index.php\\\/produkt\\\/klej-do-rzes-jupiter-5ml\\\/\",\"url\":\"https:\\\/\\\/anagenshop.pl\\\/index.php\\\/produkt\\\/klej-do-rzes-jupiter-5ml\\\/\",\"name\":\"Klej do rz\u0119s Jupiter 5ML - Anagen shop\",\"isPartOf\":{\"@id\":\"https:\\\/\\\/anagenshop.pl\\\/#website\"},\"primaryImageOfPage\":{\"@id\":\"https:\\\/\\\/anagenshop.pl\\\/index.php\\\/produkt\\\/klej-do-rzes-jupiter-5ml\\\/#primaryimage\"},\"image\":{\"@id\":\"https:\\\/\\\/anagenshop.pl\\\/index.php\\\/produkt\\\/klej-do-rzes-jupiter-5ml\\\/#primaryimage\"},\"thumbnailUrl\":\"https:\\\/\\\/anagenshop.pl\\\/wp-content\\\/uploads\\\/2026\\\/02\\\/jupiter.webp\",\"datePublished\":\"2026-02-17T09:13:47+00:00\",\"dateModified\":\"2026-03-27T09:44:26+00:00\",\"breadcrumb\":{\"@id\":\"https:\\\/\\\/anagenshop.pl\\\/index.php\\\/produkt\\\/klej-do-rzes-jupiter-5ml\\\/#breadcrumb\"},\"inLanguage\":\"pl-PL\",\"potentialAction\":[{\"@type\":\"ReadAction\",\"target\":[\"https:\\\/\\\/anagenshop.pl\\\/index.php\\\/produkt\\\/klej-do-rzes-jupiter-5ml\\\/\"]}]},{\"@type\":\"ImageObject\",\"inLanguage\":\"pl-PL\",\"@id\":\"https:\\\/\\\/anagenshop.pl\\\/index.php\\\/produkt\\\/klej-do-rzes-jupiter-5ml\\\/#primaryimage\",\"url\":\"https:\\\/\\\/anagenshop.pl\\\/wp-content\\\/uploads\\\/2026\\\/02\\\/jupiter.webp\",\"contentUrl\":\"https:\\\/\\\/anagenshop.pl\\\/wp-content\\\/uploads\\\/2026\\\/02\\\/jupiter.webp\",\"width\":1000,\"height\":1000},{\"@type\":\"BreadcrumbList\",\"@id\":\"https:\\\/\\\/anagenshop.pl\\\/index.php\\\/produkt\\\/klej-do-rzes-jupiter-5ml\\\/#breadcrumb\",\"itemListElement\":[{\"@type\":\"ListItem\",\"position\":1,\"name\":\"Strona g\u0142\u00f3wna\",\"item\":\"https:\\\/\\\/anagenshop.pl\\\/\"},{\"@type\":\"ListItem\",\"position\":2,\"name\":\"Sklep\",\"item\":\"https:\\\/\\\/anagenshop.pl\\\/\"},{\"@type\":\"ListItem\",\"position\":3,\"name\":\"Klej do rz\u0119s Jupiter 5ML\"}]},{\"@type\":\"WebSite\",\"@id\":\"https:\\\/\\\/anagenshop.pl\\\/#website\",\"url\":\"https:\\\/\\\/anagenshop.pl\\\/\",\"name\":\"Anagen shop\",\"description\":\"Produkty do stylizacji rz\u0119s i brwi, akcesoria i wyposa\u017cenie\",\"publisher\":{\"@id\":\"https:\\\/\\\/anagenshop.pl\\\/#organization\"},\"potentialAction\":[{\"@type\":\"SearchAction\",\"target\":{\"@type\":\"EntryPoint\",\"urlTemplate\":\"https:\\\/\\\/anagenshop.pl\\\/?s={search_term_string}\"},\"query-input\":{\"@type\":\"PropertyValueSpecification\",\"valueRequired\":true,\"valueName\":\"search_term_string\"}}],\"inLanguage\":\"pl-PL\"},{\"@type\":\"Organization\",\"@id\":\"https:\\\/\\\/anagenshop.pl\\\/#organization\",\"name\":\"Anagen shop\",\"url\":\"https:\\\/\\\/anagenshop.pl\\\/\",\"logo\":{\"@type\":\"ImageObject\",\"inLanguage\":\"pl-PL\",\"@id\":\"https:\\\/\\\/anagenshop.pl\\\/#\\\/schema\\\/logo\\\/image\\\/\",\"url\":\"https:\\\/\\\/anagenshop.pl\\\/wp-content\\\/uploads\\\/2026\\\/02\\\/cropped-Znak-wodny-sklep-1.png\",\"contentUrl\":\"https:\\\/\\\/anagenshop.pl\\\/wp-content\\\/uploads\\\/2026\\\/02\\\/cropped-Znak-wodny-sklep-1.png\",\"width\":1847,\"height\":517,\"caption\":\"Anagen shop\"},\"image\":{\"@id\":\"https:\\\/\\\/anagenshop.pl\\\/#\\\/schema\\\/logo\\\/image\\\/\"},\"sameAs\":[\"https:\\\/\\\/www.facebook.com\\\/Anagenshop\\\/?locale=pl_PL\",\"https:\\\/\\\/www.instagram.com\\\/anagenshop\\\/\"]}]}<\/script>\n<!-- \/ Yoast SEO plugin. -->","yoast_head_json":{"title":"Klej do rz\u0119s Jupiter 5ML - Anagen shop","robots":{"index":"index","follow":"follow","max-snippet":"max-snippet:-1","max-image-preview":"max-image-preview:large","max-video-preview":"max-video-preview:-1"},"canonical":"https:\/\/anagenshop.pl\/index.php\/produkt\/klej-do-rzes-jupiter-5ml\/","og_locale":"pl_PL","og_type":"article","og_title":"Klej do rz\u0119s Jupiter 5ML - Anagen shop","og_description":"Klej\u00a0br\u0105zowy\u00a0do przed\u0142u\u017cania rz\u0119s Strong Jupier nale\u017cy do klej\u00f3w\u00a0\u015brednich\u00a0o rzadkiej konsystencji  Najlepiej sprawdza si\u0119 w wysokiej wilgotno\u015bci i przy wysokiej temperaturze. R\u00f3wnie\u017c jest idealnym dla\u00a0 stylistek z \u015brednim tempem pracy. \u015awiecie radzi sobie w okresie letnim. Pasuje jak do metod obj\u0119to\u015bciowych, tak i klasycznych. Jest on bardzo trwa\u0142y, ale zar\u00f3wno elastyczny. Jego pojemno\u015b\u0107 5ml sprawia, \u017ce starczy go a\u017c do ko\u0144ca jego terminu wa\u017cno\u015bci.  Pigment br\u0105zowy sprawia i\u017c na rz\u0119sach b\u0119dzie iluzja mniejszej ilo\u015bci kleju \u2013 czystsza praca. Po polimeryzacji staje si\u0119 ciemnobr\u0105zowym. Opr\u00f3cz czarnych rz\u0119s, \u015bwietnie wypada z kolorowymi i br\u0105zowymi rz\u0119sami. Idealnie pasuje do przed\u0142u\u017cania brwi","og_url":"https:\/\/anagenshop.pl\/index.php\/produkt\/klej-do-rzes-jupiter-5ml\/","og_site_name":"Anagen shop","article_publisher":"https:\/\/www.facebook.com\/Anagenshop\/?locale=pl_PL","article_modified_time":"2026-03-27T09:44:26+00:00","og_image":[{"width":1000,"height":1000,"url":"https:\/\/anagenshop.pl\/wp-content\/uploads\/2026\/02\/jupiter.webp","type":"image\/webp"}],"twitter_card":"summary_large_image","twitter_misc":{"Szacowany czas czytania":"1 minuta"},"schema":{"@context":"https:\/\/schema.org","@graph":[{"@type":"WebPage","@id":"https:\/\/anagenshop.pl\/index.php\/produkt\/klej-do-rzes-jupiter-5ml\/","url":"https:\/\/anagenshop.pl\/index.php\/produkt\/klej-do-rzes-jupiter-5ml\/","name":"Klej do rz\u0119s Jupiter 5ML - Anagen shop","isPartOf":{"@id":"https:\/\/anagenshop.pl\/#website"},"primaryImageOfPage":{"@id":"https:\/\/anagenshop.pl\/index.php\/produkt\/klej-do-rzes-jupiter-5ml\/#primaryimage"},"image":{"@id":"https:\/\/anagenshop.pl\/index.php\/produkt\/klej-do-rzes-jupiter-5ml\/#primaryimage"},"thumbnailUrl":"https:\/\/anagenshop.pl\/wp-content\/uploads\/2026\/02\/jupiter.webp","datePublished":"2026-02-17T09:13:47+00:00","dateModified":"2026-03-27T09:44:26+00:00","breadcrumb":{"@id":"https:\/\/anagenshop.pl\/index.php\/produkt\/klej-do-rzes-jupiter-5ml\/#breadcrumb"},"inLanguage":"pl-PL","potentialAction":[{"@type":"ReadAction","target":["https:\/\/anagenshop.pl\/index.php\/produkt\/klej-do-rzes-jupiter-5ml\/"]}]},{"@type":"ImageObject","inLanguage":"pl-PL","@id":"https:\/\/anagenshop.pl\/index.php\/produkt\/klej-do-rzes-jupiter-5ml\/#primaryimage","url":"https:\/\/anagenshop.pl\/wp-content\/uploads\/2026\/02\/jupiter.webp","contentUrl":"https:\/\/anagenshop.pl\/wp-content\/uploads\/2026\/02\/jupiter.webp","width":1000,"height":1000},{"@type":"BreadcrumbList","@id":"https:\/\/anagenshop.pl\/index.php\/produkt\/klej-do-rzes-jupiter-5ml\/#breadcrumb","itemListElement":[{"@type":"ListItem","position":1,"name":"Strona g\u0142\u00f3wna","item":"https:\/\/anagenshop.pl\/"},{"@type":"ListItem","position":2,"name":"Sklep","item":"https:\/\/anagenshop.pl\/"},{"@type":"ListItem","position":3,"name":"Klej do rz\u0119s Jupiter 5ML"}]},{"@type":"WebSite","@id":"https:\/\/anagenshop.pl\/#website","url":"https:\/\/anagenshop.pl\/","name":"Anagen shop","description":"Produkty do stylizacji rz\u0119s i brwi, akcesoria i wyposa\u017cenie","publisher":{"@id":"https:\/\/anagenshop.pl\/#organization"},"potentialAction":[{"@type":"SearchAction","target":{"@type":"EntryPoint","urlTemplate":"https:\/\/anagenshop.pl\/?s={search_term_string}"},"query-input":{"@type":"PropertyValueSpecification","valueRequired":true,"valueName":"search_term_string"}}],"inLanguage":"pl-PL"},{"@type":"Organization","@id":"https:\/\/anagenshop.pl\/#organization","name":"Anagen shop","url":"https:\/\/anagenshop.pl\/","logo":{"@type":"ImageObject","inLanguage":"pl-PL","@id":"https:\/\/anagenshop.pl\/#\/schema\/logo\/image\/","url":"https:\/\/anagenshop.pl\/wp-content\/uploads\/2026\/02\/cropped-Znak-wodny-sklep-1.png","contentUrl":"https:\/\/anagenshop.pl\/wp-content\/uploads\/2026\/02\/cropped-Znak-wodny-sklep-1.png","width":1847,"height":517,"caption":"Anagen shop"},"image":{"@id":"https:\/\/anagenshop.pl\/#\/schema\/logo\/image\/"},"sameAs":["https:\/\/www.facebook.com\/Anagenshop\/?locale=pl_PL","https:\/\/www.instagram.com\/anagenshop\/"]}]}},"jetpack_sharing_enabled":true,"_links":{"self":[{"href":"https:\/\/anagenshop.pl\/index.php\/wp-json\/wp\/v2\/product\/727","targetHints":{"allow":["GET"]}}],"collection":[{"href":"https:\/\/anagenshop.pl\/index.php\/wp-json\/wp\/v2\/product"}],"about":[{"href":"https:\/\/anagenshop.pl\/index.php\/wp-json\/wp\/v2\/types\/product"}],"version-history":[{"count":1,"href":"https:\/\/anagenshop.pl\/index.php\/wp-json\/wp\/v2\/product\/727\/revisions"}],"predecessor-version":[{"id":730,"href":"https:\/\/anagenshop.pl\/index.php\/wp-json\/wp\/v2\/product\/727\/revisions\/730"}],"wp:featuredmedia":[{"embeddable":true,"href":"https:\/\/anagenshop.pl\/index.php\/wp-json\/wp\/v2\/media\/728"}],"wp:attachment":[{"href":"https:\/\/anagenshop.pl\/index.php\/wp-json\/wp\/v2\/media?parent=727"}],"wp:term":[{"taxonomy":"product_brand","embeddable":true,"href":"https:\/\/anagenshop.pl\/index.php\/wp-json\/wp\/v2\/product_brand?post=727"},{"taxonomy":"product_cat","embeddable":true,"href":"https:\/\/anagenshop.pl\/index.php\/wp-json\/wp\/v2\/product_cat?post=727"},{"taxonomy":"product_tag","embeddable":true,"href":"https:\/\/anagenshop.pl\/index.php\/wp-json\/wp\/v2\/product_tag?post=727"}],"curies":[{"name":"wp","href":"https:\/\/api.w.org\/{rel}","templated":true}]}}