{"id":747,"date":"2026-02-17T11:18:10","date_gmt":"2026-02-17T10:18:10","guid":{"rendered":"https:\/\/anagenshop.pl?post_type=product&#038;p=747"},"modified":"2026-04-14T11:32:57","modified_gmt":"2026-04-14T09:32:57","slug":"klej-do-rzes-uv-pimp-purlpe-5ml","status":"publish","type":"product","link":"https:\/\/anagenshop.pl\/index.php\/produkt\/klej-do-rzes-uv-pimp-purlpe-5ml\/","title":{"rendered":"Klej do rz\u0119s UV PIMP PURLPE 5ML"},"content":{"rendered":"<div class=\"markdown prose w-full break-words dark:prose-invert light\">\n<h2><strong>Klej do przed\u0142u\u017cania rz\u0119s UV<\/strong><\/h2>\n<p><strong>UV Glue Pimp My Lashes<\/strong>\u00a0to klej, kt\u00f3ry zmieni spos\u00f3b, w jaki pracujesz nad rz\u0119sami!\u00a0 Dedykowany zar\u00f3wno metodom obj\u0119to\u015bciowym, jak i klasycznym, sprawi, \u017ce ka\u017cda stylizacja b\u0119dzie pe\u0142na precyzji i trwa\u0142o\u015bci. Utwardzany \u015bwiat\u0142em UV, ten klej daje Ci pe\u0142n\u0105 kontrol\u0119 nad efektem ko\u0144cowym. Jego czarny oraz fioletowy kolor nie tylko dodaje g\u0142\u0119bi, ale tak\u017ce nadaje rz\u0119som niesamowity, intensywny look, kt\u00f3ry zachwyci ka\u017cd\u0105 klientk\u0119!<\/p>\n<h3>To prawdziwy prze\u0142om w stylizacji rz\u0119s!<\/h3>\n<p>Klej utwardza si\u0119 b\u0142yskawicznie pod wp\u0142ywem \u015bwiat\u0142a UV,\u00a0Twoja praca stanie si\u0119 jeszcze \u0142atwiejsza i szybsza. To idealne rozwi\u0105zanie dla profesjonalist\u00f3w, kt\u00f3rzy szukaj\u0105 niezawodnego produktu, kt\u00f3ry zapewni perfekcyjny efekt, d\u0142ugo utrzymuj\u0105cy si\u0119 na rz\u0119sach.<\/p>\n<p><strong>Dlaczego warto wybra\u0107 UV Glue Pimp My Lashes?<\/strong><br \/>\n<strong>Utwardzanie \u015bwiat\u0142em UV<\/strong>\u00a0\u2013 szybka aplikacja, trwa\u0142o\u015b\u0107 na najwy\u017cszym poziomie<br \/>\n<strong>Uniwersalno\u015b\u0107<\/strong>\u00a0\u2013 idealny do metod obj\u0119to\u015bciowych i klasycznych<br \/>\n<strong>Profesjonalne zastosowanie<\/strong>\u00a0\u2013 dla najlepszych stylistek rz\u0119s<br \/>\n<strong>Rewolucja w aplikacji<\/strong>\u00a0\u2013 szybkie utwardzanie, perfekcyjny efekt, za ka\u017cdym razem!<\/p>\n<\/div>\n<p>Pojemno\u015b\u0107 5 ml<\/p>\n<div class=\"markdown prose w-full break-words dark:prose-invert light\">\n<p>Z\u00a0<strong>UV Glue Pimp My Lashes<\/strong>\u00a0ka\u017cda aplikacja rz\u0119s stanie si\u0119 jeszcze \u0142atwiejsza, szybsza i bardziej precyzyjna! Zainwestuj w rewolucyjny klej, kt\u00f3ry sprawi, \u017ce Twoje rz\u0119sy b\u0119d\u0105 wygl\u0105da\u0107 zjawiskowo przez d\u0142ugi czas!<\/p>\n<\/div>\n","protected":false},"excerpt":{"rendered":"<p>UV GLue to klej, kt\u00f3ry zmieni spos\u00f3b, w jaki pracujesz nad rz\u0119sami!<\/p>\n<p>Sk\u0142ad:<\/p>\n<p><span class=\"OYPEnA font-feature-liga-off font-feature-clig-off font-feature-calt-off text-decoration-none text-strikethrough-none\">2-Cyjanoakrylan\u00a0<\/span><span class=\"OYPEnA font-feature-liga-off font-feature-clig-off font-feature-calt-off text-decoration-none text-strikethrough-none\">etylu, Fotoinicjator TMO, Polimer metakrylanu metylu, Carbon black<\/span><\/p>\n","protected":false},"featured_media":750,"template":"","meta":{"_kadence_starter_templates_imported_post":false},"product_brand":[],"product_cat":[29,28],"product_tag":[],"class_list":{"0":"post-747","1":"product","2":"type-product","3":"status-publish","4":"has-post-thumbnail","6":"product_cat-kleje-i-preparaty","7":"product_cat-uv-tech","9":"first","10":"instock","11":"taxable","12":"shipping-taxable","13":"purchasable","14":"product-type-simple"},"yoast_head":"<!-- This site is optimized with the Yoast SEO plugin v27.4 - https:\/\/yoast.com\/product\/yoast-seo-wordpress\/ -->\n<title>Klej do rz\u0119s UV PIMP PURLPE 5ML - Anagen shop<\/title>\n<meta name=\"robots\" content=\"index, follow, max-snippet:-1, max-image-preview:large, max-video-preview:-1\" \/>\n<link rel=\"canonical\" href=\"https:\/\/anagenshop.pl\/index.php\/produkt\/klej-do-rzes-uv-pimp-purlpe-5ml\/\" \/>\n<meta property=\"og:locale\" content=\"pl_PL\" \/>\n<meta property=\"og:type\" content=\"article\" \/>\n<meta property=\"og:title\" content=\"Klej do rz\u0119s UV PIMP PURLPE 5ML - Anagen shop\" \/>\n<meta property=\"og:description\" content=\"UV GLue to klej, kt\u00f3ry zmieni spos\u00f3b, w jaki pracujesz nad rz\u0119sami!  Sk\u0142ad:  2-Cyjanoakrylan\u00a0etylu, Fotoinicjator TMO, Polimer metakrylanu metylu, Carbon black\" \/>\n<meta property=\"og:url\" content=\"https:\/\/anagenshop.pl\/index.php\/produkt\/klej-do-rzes-uv-pimp-purlpe-5ml\/\" \/>\n<meta property=\"og:site_name\" content=\"Anagen shop\" \/>\n<meta property=\"article:publisher\" content=\"https:\/\/www.facebook.com\/Anagenshop\/?locale=pl_PL\" \/>\n<meta property=\"article:modified_time\" content=\"2026-04-14T09:32:57+00:00\" \/>\n<meta property=\"og:image\" content=\"https:\/\/anagenshop.pl\/wp-content\/uploads\/2026\/02\/Klej-do-przedluzania-rzes-UV-Black-oraz-Purple-Glue-5-ml-Pimp-My-Lashes.webp\" \/>\n\t<meta property=\"og:image:width\" content=\"847\" \/>\n\t<meta property=\"og:image:height\" content=\"1044\" \/>\n\t<meta property=\"og:image:type\" content=\"image\/webp\" \/>\n<meta name=\"twitter:card\" content=\"summary_large_image\" \/>\n<meta name=\"twitter:label1\" content=\"Szacowany czas czytania\" \/>\n\t<meta name=\"twitter:data1\" content=\"2 minuty\" \/>\n<script type=\"application\/ld+json\" class=\"yoast-schema-graph\">{\"@context\":\"https:\\\/\\\/schema.org\",\"@graph\":[{\"@type\":\"WebPage\",\"@id\":\"https:\\\/\\\/anagenshop.pl\\\/index.php\\\/produkt\\\/klej-do-rzes-uv-pimp-purlpe-5ml\\\/\",\"url\":\"https:\\\/\\\/anagenshop.pl\\\/index.php\\\/produkt\\\/klej-do-rzes-uv-pimp-purlpe-5ml\\\/\",\"name\":\"Klej do rz\u0119s UV PIMP PURLPE 5ML - Anagen shop\",\"isPartOf\":{\"@id\":\"https:\\\/\\\/anagenshop.pl\\\/#website\"},\"primaryImageOfPage\":{\"@id\":\"https:\\\/\\\/anagenshop.pl\\\/index.php\\\/produkt\\\/klej-do-rzes-uv-pimp-purlpe-5ml\\\/#primaryimage\"},\"image\":{\"@id\":\"https:\\\/\\\/anagenshop.pl\\\/index.php\\\/produkt\\\/klej-do-rzes-uv-pimp-purlpe-5ml\\\/#primaryimage\"},\"thumbnailUrl\":\"https:\\\/\\\/anagenshop.pl\\\/wp-content\\\/uploads\\\/2026\\\/02\\\/Klej-do-przedluzania-rzes-UV-Black-oraz-Purple-Glue-5-ml-Pimp-My-Lashes.webp\",\"datePublished\":\"2026-02-17T10:18:10+00:00\",\"dateModified\":\"2026-04-14T09:32:57+00:00\",\"breadcrumb\":{\"@id\":\"https:\\\/\\\/anagenshop.pl\\\/index.php\\\/produkt\\\/klej-do-rzes-uv-pimp-purlpe-5ml\\\/#breadcrumb\"},\"inLanguage\":\"pl-PL\",\"potentialAction\":[{\"@type\":\"ReadAction\",\"target\":[\"https:\\\/\\\/anagenshop.pl\\\/index.php\\\/produkt\\\/klej-do-rzes-uv-pimp-purlpe-5ml\\\/\"]}]},{\"@type\":\"ImageObject\",\"inLanguage\":\"pl-PL\",\"@id\":\"https:\\\/\\\/anagenshop.pl\\\/index.php\\\/produkt\\\/klej-do-rzes-uv-pimp-purlpe-5ml\\\/#primaryimage\",\"url\":\"https:\\\/\\\/anagenshop.pl\\\/wp-content\\\/uploads\\\/2026\\\/02\\\/Klej-do-przedluzania-rzes-UV-Black-oraz-Purple-Glue-5-ml-Pimp-My-Lashes.webp\",\"contentUrl\":\"https:\\\/\\\/anagenshop.pl\\\/wp-content\\\/uploads\\\/2026\\\/02\\\/Klej-do-przedluzania-rzes-UV-Black-oraz-Purple-Glue-5-ml-Pimp-My-Lashes.webp\",\"width\":847,\"height\":1044},{\"@type\":\"BreadcrumbList\",\"@id\":\"https:\\\/\\\/anagenshop.pl\\\/index.php\\\/produkt\\\/klej-do-rzes-uv-pimp-purlpe-5ml\\\/#breadcrumb\",\"itemListElement\":[{\"@type\":\"ListItem\",\"position\":1,\"name\":\"Strona g\u0142\u00f3wna\",\"item\":\"https:\\\/\\\/anagenshop.pl\\\/\"},{\"@type\":\"ListItem\",\"position\":2,\"name\":\"Sklep\",\"item\":\"https:\\\/\\\/anagenshop.pl\\\/\"},{\"@type\":\"ListItem\",\"position\":3,\"name\":\"Klej do rz\u0119s UV PIMP PURLPE 5ML\"}]},{\"@type\":\"WebSite\",\"@id\":\"https:\\\/\\\/anagenshop.pl\\\/#website\",\"url\":\"https:\\\/\\\/anagenshop.pl\\\/\",\"name\":\"Anagen shop\",\"description\":\"Produkty do stylizacji rz\u0119s i brwi, akcesoria i wyposa\u017cenie\",\"publisher\":{\"@id\":\"https:\\\/\\\/anagenshop.pl\\\/#organization\"},\"potentialAction\":[{\"@type\":\"SearchAction\",\"target\":{\"@type\":\"EntryPoint\",\"urlTemplate\":\"https:\\\/\\\/anagenshop.pl\\\/?s={search_term_string}\"},\"query-input\":{\"@type\":\"PropertyValueSpecification\",\"valueRequired\":true,\"valueName\":\"search_term_string\"}}],\"inLanguage\":\"pl-PL\"},{\"@type\":\"Organization\",\"@id\":\"https:\\\/\\\/anagenshop.pl\\\/#organization\",\"name\":\"Anagen shop\",\"url\":\"https:\\\/\\\/anagenshop.pl\\\/\",\"logo\":{\"@type\":\"ImageObject\",\"inLanguage\":\"pl-PL\",\"@id\":\"https:\\\/\\\/anagenshop.pl\\\/#\\\/schema\\\/logo\\\/image\\\/\",\"url\":\"https:\\\/\\\/anagenshop.pl\\\/wp-content\\\/uploads\\\/2026\\\/02\\\/cropped-Znak-wodny-sklep-1.png\",\"contentUrl\":\"https:\\\/\\\/anagenshop.pl\\\/wp-content\\\/uploads\\\/2026\\\/02\\\/cropped-Znak-wodny-sklep-1.png\",\"width\":1847,\"height\":517,\"caption\":\"Anagen shop\"},\"image\":{\"@id\":\"https:\\\/\\\/anagenshop.pl\\\/#\\\/schema\\\/logo\\\/image\\\/\"},\"sameAs\":[\"https:\\\/\\\/www.facebook.com\\\/Anagenshop\\\/?locale=pl_PL\",\"https:\\\/\\\/www.instagram.com\\\/anagenshop\\\/\"]}]}<\/script>\n<!-- \/ Yoast SEO plugin. -->","yoast_head_json":{"title":"Klej do rz\u0119s UV PIMP PURLPE 5ML - Anagen shop","robots":{"index":"index","follow":"follow","max-snippet":"max-snippet:-1","max-image-preview":"max-image-preview:large","max-video-preview":"max-video-preview:-1"},"canonical":"https:\/\/anagenshop.pl\/index.php\/produkt\/klej-do-rzes-uv-pimp-purlpe-5ml\/","og_locale":"pl_PL","og_type":"article","og_title":"Klej do rz\u0119s UV PIMP PURLPE 5ML - Anagen shop","og_description":"UV GLue to klej, kt\u00f3ry zmieni spos\u00f3b, w jaki pracujesz nad rz\u0119sami!  Sk\u0142ad:  2-Cyjanoakrylan\u00a0etylu, Fotoinicjator TMO, Polimer metakrylanu metylu, Carbon black","og_url":"https:\/\/anagenshop.pl\/index.php\/produkt\/klej-do-rzes-uv-pimp-purlpe-5ml\/","og_site_name":"Anagen shop","article_publisher":"https:\/\/www.facebook.com\/Anagenshop\/?locale=pl_PL","article_modified_time":"2026-04-14T09:32:57+00:00","og_image":[{"width":847,"height":1044,"url":"https:\/\/anagenshop.pl\/wp-content\/uploads\/2026\/02\/Klej-do-przedluzania-rzes-UV-Black-oraz-Purple-Glue-5-ml-Pimp-My-Lashes.webp","type":"image\/webp"}],"twitter_card":"summary_large_image","twitter_misc":{"Szacowany czas czytania":"2 minuty"},"schema":{"@context":"https:\/\/schema.org","@graph":[{"@type":"WebPage","@id":"https:\/\/anagenshop.pl\/index.php\/produkt\/klej-do-rzes-uv-pimp-purlpe-5ml\/","url":"https:\/\/anagenshop.pl\/index.php\/produkt\/klej-do-rzes-uv-pimp-purlpe-5ml\/","name":"Klej do rz\u0119s UV PIMP PURLPE 5ML - Anagen shop","isPartOf":{"@id":"https:\/\/anagenshop.pl\/#website"},"primaryImageOfPage":{"@id":"https:\/\/anagenshop.pl\/index.php\/produkt\/klej-do-rzes-uv-pimp-purlpe-5ml\/#primaryimage"},"image":{"@id":"https:\/\/anagenshop.pl\/index.php\/produkt\/klej-do-rzes-uv-pimp-purlpe-5ml\/#primaryimage"},"thumbnailUrl":"https:\/\/anagenshop.pl\/wp-content\/uploads\/2026\/02\/Klej-do-przedluzania-rzes-UV-Black-oraz-Purple-Glue-5-ml-Pimp-My-Lashes.webp","datePublished":"2026-02-17T10:18:10+00:00","dateModified":"2026-04-14T09:32:57+00:00","breadcrumb":{"@id":"https:\/\/anagenshop.pl\/index.php\/produkt\/klej-do-rzes-uv-pimp-purlpe-5ml\/#breadcrumb"},"inLanguage":"pl-PL","potentialAction":[{"@type":"ReadAction","target":["https:\/\/anagenshop.pl\/index.php\/produkt\/klej-do-rzes-uv-pimp-purlpe-5ml\/"]}]},{"@type":"ImageObject","inLanguage":"pl-PL","@id":"https:\/\/anagenshop.pl\/index.php\/produkt\/klej-do-rzes-uv-pimp-purlpe-5ml\/#primaryimage","url":"https:\/\/anagenshop.pl\/wp-content\/uploads\/2026\/02\/Klej-do-przedluzania-rzes-UV-Black-oraz-Purple-Glue-5-ml-Pimp-My-Lashes.webp","contentUrl":"https:\/\/anagenshop.pl\/wp-content\/uploads\/2026\/02\/Klej-do-przedluzania-rzes-UV-Black-oraz-Purple-Glue-5-ml-Pimp-My-Lashes.webp","width":847,"height":1044},{"@type":"BreadcrumbList","@id":"https:\/\/anagenshop.pl\/index.php\/produkt\/klej-do-rzes-uv-pimp-purlpe-5ml\/#breadcrumb","itemListElement":[{"@type":"ListItem","position":1,"name":"Strona g\u0142\u00f3wna","item":"https:\/\/anagenshop.pl\/"},{"@type":"ListItem","position":2,"name":"Sklep","item":"https:\/\/anagenshop.pl\/"},{"@type":"ListItem","position":3,"name":"Klej do rz\u0119s UV PIMP PURLPE 5ML"}]},{"@type":"WebSite","@id":"https:\/\/anagenshop.pl\/#website","url":"https:\/\/anagenshop.pl\/","name":"Anagen shop","description":"Produkty do stylizacji rz\u0119s i brwi, akcesoria i wyposa\u017cenie","publisher":{"@id":"https:\/\/anagenshop.pl\/#organization"},"potentialAction":[{"@type":"SearchAction","target":{"@type":"EntryPoint","urlTemplate":"https:\/\/anagenshop.pl\/?s={search_term_string}"},"query-input":{"@type":"PropertyValueSpecification","valueRequired":true,"valueName":"search_term_string"}}],"inLanguage":"pl-PL"},{"@type":"Organization","@id":"https:\/\/anagenshop.pl\/#organization","name":"Anagen shop","url":"https:\/\/anagenshop.pl\/","logo":{"@type":"ImageObject","inLanguage":"pl-PL","@id":"https:\/\/anagenshop.pl\/#\/schema\/logo\/image\/","url":"https:\/\/anagenshop.pl\/wp-content\/uploads\/2026\/02\/cropped-Znak-wodny-sklep-1.png","contentUrl":"https:\/\/anagenshop.pl\/wp-content\/uploads\/2026\/02\/cropped-Znak-wodny-sklep-1.png","width":1847,"height":517,"caption":"Anagen shop"},"image":{"@id":"https:\/\/anagenshop.pl\/#\/schema\/logo\/image\/"},"sameAs":["https:\/\/www.facebook.com\/Anagenshop\/?locale=pl_PL","https:\/\/www.instagram.com\/anagenshop\/"]}]}},"jetpack_sharing_enabled":true,"_links":{"self":[{"href":"https:\/\/anagenshop.pl\/index.php\/wp-json\/wp\/v2\/product\/747","targetHints":{"allow":["GET"]}}],"collection":[{"href":"https:\/\/anagenshop.pl\/index.php\/wp-json\/wp\/v2\/product"}],"about":[{"href":"https:\/\/anagenshop.pl\/index.php\/wp-json\/wp\/v2\/types\/product"}],"version-history":[{"count":1,"href":"https:\/\/anagenshop.pl\/index.php\/wp-json\/wp\/v2\/product\/747\/revisions"}],"predecessor-version":[{"id":749,"href":"https:\/\/anagenshop.pl\/index.php\/wp-json\/wp\/v2\/product\/747\/revisions\/749"}],"wp:featuredmedia":[{"embeddable":true,"href":"https:\/\/anagenshop.pl\/index.php\/wp-json\/wp\/v2\/media\/750"}],"wp:attachment":[{"href":"https:\/\/anagenshop.pl\/index.php\/wp-json\/wp\/v2\/media?parent=747"}],"wp:term":[{"taxonomy":"product_brand","embeddable":true,"href":"https:\/\/anagenshop.pl\/index.php\/wp-json\/wp\/v2\/product_brand?post=747"},{"taxonomy":"product_cat","embeddable":true,"href":"https:\/\/anagenshop.pl\/index.php\/wp-json\/wp\/v2\/product_cat?post=747"},{"taxonomy":"product_tag","embeddable":true,"href":"https:\/\/anagenshop.pl\/index.php\/wp-json\/wp\/v2\/product_tag?post=747"}],"curies":[{"name":"wp","href":"https:\/\/api.w.org\/{rel}","templated":true}]}}