{"id":982,"date":"2026-02-20T17:07:24","date_gmt":"2026-02-20T16:07:24","guid":{"rendered":"https:\/\/anagenshop.pl?post_type=product&#038;p=982"},"modified":"2026-04-17T19:11:23","modified_gmt":"2026-04-17T17:11:23","slug":"soluzione-minerale-125ml-aktywator-do-henny","status":"publish","type":"product","link":"https:\/\/anagenshop.pl\/index.php\/produkt\/soluzione-minerale-125ml-aktywator-do-henny\/","title":{"rendered":"Soluzione Minerale 125ML (Aktywator do Henny)"},"content":{"rendered":"<pre class=\"def\" dir=\"ltr\"><span class=\"def\" lang=\"pl\" xml:lang=\"pl\">Soluzione Minerale 125 ML.<br class=\"def\" \/><br class=\"def\" \/>Oczyszczona woda demineralizowana do mieszania z henn\u0105 do brwi.<br class=\"def\" \/><br class=\"def\" \/><br class=\"def\" \/>Instrukcja:<br class=\"def\" \/><\/span><\/pre>\n<pre id=\"user_tw-target-text\" class=\"def\" dir=\"ltr\"><span class=\"def\" lang=\"pl\" xml:lang=\"pl\">Wymieszaj henn\u0119 do brwi w szklanym lub plastikowym pojemniku z 3 - 5 kroplami <br class=\"def\" \/>soluzione minerale w stosunku 2:1,dok\u0142adnie wymieszaj powsta\u0142\u0105 mieszanin\u0119.<br class=\"def\" \/>W razie potrzeby dola\u0107 wody do uzyskania po\u017c\u0105danej konsystencji. <br class=\"def\" \/>Pozostaw mieszanin\u0119 na 1 minut\u0119 przed na\u0142o\u017ceniem.<\/span><\/pre>\n","protected":false},"excerpt":{"rendered":"<pre class=\"def\" dir=\"ltr\"><span class=\"def\" lang=\"pl\" xml:lang=\"pl\">Soluzione Minerale 125 ML.<br class=\"def\" \/><br class=\"def\" \/>Oczyszczona woda demineralizowana do mieszania z henn\u0105 do brwi.<\/span><\/pre>\n","protected":false},"featured_media":985,"template":"","meta":{"_kadence_starter_templates_imported_post":false},"product_brand":[],"product_cat":[27,34],"product_tag":[],"class_list":{"0":"post-982","1":"product","2":"type-product","3":"status-publish","4":"has-post-thumbnail","6":"product_cat-brwi","7":"product_cat-produkty-ambasadorek","9":"first","10":"instock","11":"taxable","12":"shipping-taxable","13":"purchasable","14":"product-type-simple"},"yoast_head":"<!-- This site is optimized with the Yoast SEO plugin v27.4 - https:\/\/yoast.com\/product\/yoast-seo-wordpress\/ -->\n<title>Soluzione Minerale 125ML (Aktywator do Henny) - Anagen shop<\/title>\n<meta name=\"robots\" content=\"index, follow, max-snippet:-1, max-image-preview:large, max-video-preview:-1\" \/>\n<link rel=\"canonical\" href=\"https:\/\/anagenshop.pl\/index.php\/produkt\/soluzione-minerale-125ml-aktywator-do-henny\/\" \/>\n<meta property=\"og:locale\" content=\"pl_PL\" \/>\n<meta property=\"og:type\" content=\"article\" \/>\n<meta property=\"og:title\" content=\"Soluzione Minerale 125ML (Aktywator do Henny) - Anagen shop\" \/>\n<meta property=\"og:description\" content=\"Soluzione Minerale 125 ML.Oczyszczona woda demineralizowana do mieszania z henn\u0105 do brwi.\" \/>\n<meta property=\"og:url\" content=\"https:\/\/anagenshop.pl\/index.php\/produkt\/soluzione-minerale-125ml-aktywator-do-henny\/\" \/>\n<meta property=\"og:site_name\" content=\"Anagen shop\" \/>\n<meta property=\"article:publisher\" content=\"https:\/\/www.facebook.com\/Anagenshop\/?locale=pl_PL\" \/>\n<meta property=\"article:modified_time\" content=\"2026-04-17T17:11:23+00:00\" \/>\n<meta property=\"og:image\" content=\"https:\/\/anagenshop.pl\/wp-content\/uploads\/2026\/02\/soluz.webp\" \/>\n\t<meta property=\"og:image:width\" content=\"1080\" \/>\n\t<meta property=\"og:image:height\" content=\"1080\" \/>\n\t<meta property=\"og:image:type\" content=\"image\/webp\" \/>\n<meta name=\"twitter:card\" content=\"summary_large_image\" \/>\n<meta name=\"twitter:label1\" content=\"Szacowany czas czytania\" \/>\n\t<meta name=\"twitter:data1\" content=\"1 minuta\" \/>\n<script type=\"application\/ld+json\" class=\"yoast-schema-graph\">{\"@context\":\"https:\\\/\\\/schema.org\",\"@graph\":[{\"@type\":\"WebPage\",\"@id\":\"https:\\\/\\\/anagenshop.pl\\\/index.php\\\/produkt\\\/soluzione-minerale-125ml-aktywator-do-henny\\\/\",\"url\":\"https:\\\/\\\/anagenshop.pl\\\/index.php\\\/produkt\\\/soluzione-minerale-125ml-aktywator-do-henny\\\/\",\"name\":\"Soluzione Minerale 125ML (Aktywator do Henny) - Anagen shop\",\"isPartOf\":{\"@id\":\"https:\\\/\\\/anagenshop.pl\\\/#website\"},\"primaryImageOfPage\":{\"@id\":\"https:\\\/\\\/anagenshop.pl\\\/index.php\\\/produkt\\\/soluzione-minerale-125ml-aktywator-do-henny\\\/#primaryimage\"},\"image\":{\"@id\":\"https:\\\/\\\/anagenshop.pl\\\/index.php\\\/produkt\\\/soluzione-minerale-125ml-aktywator-do-henny\\\/#primaryimage\"},\"thumbnailUrl\":\"https:\\\/\\\/anagenshop.pl\\\/wp-content\\\/uploads\\\/2026\\\/02\\\/soluz.webp\",\"datePublished\":\"2026-02-20T16:07:24+00:00\",\"dateModified\":\"2026-04-17T17:11:23+00:00\",\"breadcrumb\":{\"@id\":\"https:\\\/\\\/anagenshop.pl\\\/index.php\\\/produkt\\\/soluzione-minerale-125ml-aktywator-do-henny\\\/#breadcrumb\"},\"inLanguage\":\"pl-PL\",\"potentialAction\":[{\"@type\":\"ReadAction\",\"target\":[\"https:\\\/\\\/anagenshop.pl\\\/index.php\\\/produkt\\\/soluzione-minerale-125ml-aktywator-do-henny\\\/\"]}]},{\"@type\":\"ImageObject\",\"inLanguage\":\"pl-PL\",\"@id\":\"https:\\\/\\\/anagenshop.pl\\\/index.php\\\/produkt\\\/soluzione-minerale-125ml-aktywator-do-henny\\\/#primaryimage\",\"url\":\"https:\\\/\\\/anagenshop.pl\\\/wp-content\\\/uploads\\\/2026\\\/02\\\/soluz.webp\",\"contentUrl\":\"https:\\\/\\\/anagenshop.pl\\\/wp-content\\\/uploads\\\/2026\\\/02\\\/soluz.webp\",\"width\":1080,\"height\":1080},{\"@type\":\"BreadcrumbList\",\"@id\":\"https:\\\/\\\/anagenshop.pl\\\/index.php\\\/produkt\\\/soluzione-minerale-125ml-aktywator-do-henny\\\/#breadcrumb\",\"itemListElement\":[{\"@type\":\"ListItem\",\"position\":1,\"name\":\"Strona g\u0142\u00f3wna\",\"item\":\"https:\\\/\\\/anagenshop.pl\\\/\"},{\"@type\":\"ListItem\",\"position\":2,\"name\":\"Sklep\",\"item\":\"https:\\\/\\\/anagenshop.pl\\\/\"},{\"@type\":\"ListItem\",\"position\":3,\"name\":\"Soluzione Minerale 125ML (Aktywator do Henny)\"}]},{\"@type\":\"WebSite\",\"@id\":\"https:\\\/\\\/anagenshop.pl\\\/#website\",\"url\":\"https:\\\/\\\/anagenshop.pl\\\/\",\"name\":\"Anagen shop\",\"description\":\"Produkty do stylizacji rz\u0119s i brwi, akcesoria i wyposa\u017cenie\",\"publisher\":{\"@id\":\"https:\\\/\\\/anagenshop.pl\\\/#organization\"},\"potentialAction\":[{\"@type\":\"SearchAction\",\"target\":{\"@type\":\"EntryPoint\",\"urlTemplate\":\"https:\\\/\\\/anagenshop.pl\\\/?s={search_term_string}\"},\"query-input\":{\"@type\":\"PropertyValueSpecification\",\"valueRequired\":true,\"valueName\":\"search_term_string\"}}],\"inLanguage\":\"pl-PL\"},{\"@type\":\"Organization\",\"@id\":\"https:\\\/\\\/anagenshop.pl\\\/#organization\",\"name\":\"Anagen shop\",\"url\":\"https:\\\/\\\/anagenshop.pl\\\/\",\"logo\":{\"@type\":\"ImageObject\",\"inLanguage\":\"pl-PL\",\"@id\":\"https:\\\/\\\/anagenshop.pl\\\/#\\\/schema\\\/logo\\\/image\\\/\",\"url\":\"https:\\\/\\\/anagenshop.pl\\\/wp-content\\\/uploads\\\/2026\\\/02\\\/cropped-Znak-wodny-sklep-1.png\",\"contentUrl\":\"https:\\\/\\\/anagenshop.pl\\\/wp-content\\\/uploads\\\/2026\\\/02\\\/cropped-Znak-wodny-sklep-1.png\",\"width\":1847,\"height\":517,\"caption\":\"Anagen shop\"},\"image\":{\"@id\":\"https:\\\/\\\/anagenshop.pl\\\/#\\\/schema\\\/logo\\\/image\\\/\"},\"sameAs\":[\"https:\\\/\\\/www.facebook.com\\\/Anagenshop\\\/?locale=pl_PL\",\"https:\\\/\\\/www.instagram.com\\\/anagenshop\\\/\"]}]}<\/script>\n<!-- \/ Yoast SEO plugin. -->","yoast_head_json":{"title":"Soluzione Minerale 125ML (Aktywator do Henny) - Anagen shop","robots":{"index":"index","follow":"follow","max-snippet":"max-snippet:-1","max-image-preview":"max-image-preview:large","max-video-preview":"max-video-preview:-1"},"canonical":"https:\/\/anagenshop.pl\/index.php\/produkt\/soluzione-minerale-125ml-aktywator-do-henny\/","og_locale":"pl_PL","og_type":"article","og_title":"Soluzione Minerale 125ML (Aktywator do Henny) - Anagen shop","og_description":"Soluzione Minerale 125 ML.Oczyszczona woda demineralizowana do mieszania z henn\u0105 do brwi.","og_url":"https:\/\/anagenshop.pl\/index.php\/produkt\/soluzione-minerale-125ml-aktywator-do-henny\/","og_site_name":"Anagen shop","article_publisher":"https:\/\/www.facebook.com\/Anagenshop\/?locale=pl_PL","article_modified_time":"2026-04-17T17:11:23+00:00","og_image":[{"width":1080,"height":1080,"url":"https:\/\/anagenshop.pl\/wp-content\/uploads\/2026\/02\/soluz.webp","type":"image\/webp"}],"twitter_card":"summary_large_image","twitter_misc":{"Szacowany czas czytania":"1 minuta"},"schema":{"@context":"https:\/\/schema.org","@graph":[{"@type":"WebPage","@id":"https:\/\/anagenshop.pl\/index.php\/produkt\/soluzione-minerale-125ml-aktywator-do-henny\/","url":"https:\/\/anagenshop.pl\/index.php\/produkt\/soluzione-minerale-125ml-aktywator-do-henny\/","name":"Soluzione Minerale 125ML (Aktywator do Henny) - Anagen shop","isPartOf":{"@id":"https:\/\/anagenshop.pl\/#website"},"primaryImageOfPage":{"@id":"https:\/\/anagenshop.pl\/index.php\/produkt\/soluzione-minerale-125ml-aktywator-do-henny\/#primaryimage"},"image":{"@id":"https:\/\/anagenshop.pl\/index.php\/produkt\/soluzione-minerale-125ml-aktywator-do-henny\/#primaryimage"},"thumbnailUrl":"https:\/\/anagenshop.pl\/wp-content\/uploads\/2026\/02\/soluz.webp","datePublished":"2026-02-20T16:07:24+00:00","dateModified":"2026-04-17T17:11:23+00:00","breadcrumb":{"@id":"https:\/\/anagenshop.pl\/index.php\/produkt\/soluzione-minerale-125ml-aktywator-do-henny\/#breadcrumb"},"inLanguage":"pl-PL","potentialAction":[{"@type":"ReadAction","target":["https:\/\/anagenshop.pl\/index.php\/produkt\/soluzione-minerale-125ml-aktywator-do-henny\/"]}]},{"@type":"ImageObject","inLanguage":"pl-PL","@id":"https:\/\/anagenshop.pl\/index.php\/produkt\/soluzione-minerale-125ml-aktywator-do-henny\/#primaryimage","url":"https:\/\/anagenshop.pl\/wp-content\/uploads\/2026\/02\/soluz.webp","contentUrl":"https:\/\/anagenshop.pl\/wp-content\/uploads\/2026\/02\/soluz.webp","width":1080,"height":1080},{"@type":"BreadcrumbList","@id":"https:\/\/anagenshop.pl\/index.php\/produkt\/soluzione-minerale-125ml-aktywator-do-henny\/#breadcrumb","itemListElement":[{"@type":"ListItem","position":1,"name":"Strona g\u0142\u00f3wna","item":"https:\/\/anagenshop.pl\/"},{"@type":"ListItem","position":2,"name":"Sklep","item":"https:\/\/anagenshop.pl\/"},{"@type":"ListItem","position":3,"name":"Soluzione Minerale 125ML (Aktywator do Henny)"}]},{"@type":"WebSite","@id":"https:\/\/anagenshop.pl\/#website","url":"https:\/\/anagenshop.pl\/","name":"Anagen shop","description":"Produkty do stylizacji rz\u0119s i brwi, akcesoria i wyposa\u017cenie","publisher":{"@id":"https:\/\/anagenshop.pl\/#organization"},"potentialAction":[{"@type":"SearchAction","target":{"@type":"EntryPoint","urlTemplate":"https:\/\/anagenshop.pl\/?s={search_term_string}"},"query-input":{"@type":"PropertyValueSpecification","valueRequired":true,"valueName":"search_term_string"}}],"inLanguage":"pl-PL"},{"@type":"Organization","@id":"https:\/\/anagenshop.pl\/#organization","name":"Anagen shop","url":"https:\/\/anagenshop.pl\/","logo":{"@type":"ImageObject","inLanguage":"pl-PL","@id":"https:\/\/anagenshop.pl\/#\/schema\/logo\/image\/","url":"https:\/\/anagenshop.pl\/wp-content\/uploads\/2026\/02\/cropped-Znak-wodny-sklep-1.png","contentUrl":"https:\/\/anagenshop.pl\/wp-content\/uploads\/2026\/02\/cropped-Znak-wodny-sklep-1.png","width":1847,"height":517,"caption":"Anagen shop"},"image":{"@id":"https:\/\/anagenshop.pl\/#\/schema\/logo\/image\/"},"sameAs":["https:\/\/www.facebook.com\/Anagenshop\/?locale=pl_PL","https:\/\/www.instagram.com\/anagenshop\/"]}]}},"jetpack_sharing_enabled":true,"_links":{"self":[{"href":"https:\/\/anagenshop.pl\/index.php\/wp-json\/wp\/v2\/product\/982","targetHints":{"allow":["GET"]}}],"collection":[{"href":"https:\/\/anagenshop.pl\/index.php\/wp-json\/wp\/v2\/product"}],"about":[{"href":"https:\/\/anagenshop.pl\/index.php\/wp-json\/wp\/v2\/types\/product"}],"version-history":[{"count":2,"href":"https:\/\/anagenshop.pl\/index.php\/wp-json\/wp\/v2\/product\/982\/revisions"}],"predecessor-version":[{"id":986,"href":"https:\/\/anagenshop.pl\/index.php\/wp-json\/wp\/v2\/product\/982\/revisions\/986"}],"wp:featuredmedia":[{"embeddable":true,"href":"https:\/\/anagenshop.pl\/index.php\/wp-json\/wp\/v2\/media\/985"}],"wp:attachment":[{"href":"https:\/\/anagenshop.pl\/index.php\/wp-json\/wp\/v2\/media?parent=982"}],"wp:term":[{"taxonomy":"product_brand","embeddable":true,"href":"https:\/\/anagenshop.pl\/index.php\/wp-json\/wp\/v2\/product_brand?post=982"},{"taxonomy":"product_cat","embeddable":true,"href":"https:\/\/anagenshop.pl\/index.php\/wp-json\/wp\/v2\/product_cat?post=982"},{"taxonomy":"product_tag","embeddable":true,"href":"https:\/\/anagenshop.pl\/index.php\/wp-json\/wp\/v2\/product_tag?post=982"}],"curies":[{"name":"wp","href":"https:\/\/api.w.org\/{rel}","templated":true}]}}